What is the greatest common divisor of h and f?
5
Let j be (-4)/80*-5 - 14/(-8). Suppose -79 = -j*s + 3*o, -2*s + 147 = 2*s + 5*o. Calculate the greatest common factor of 418 and s.
38
Let i = -343 + 343. Suppose -7*k - k + 176 = i. Calculate the greatest common factor of k and 110.
22
Let a(s) = -66*s**2 - 17*s + 48. Let q be a(3). Let p = 610 + q. Calculate the greatest common divisor of 520 and p.
13
Let f(u) = u**3 - 2*u**2 + 3. Let m be f(3). Let s(p) = 2*p - 72. Let h be s(45). Calculate the highest common factor of h and m.
6
Let s be ((-1)/3)/(((-46)/60)/23). What is the greatest common divisor of s and 3310?
10
Suppose 3*z + 1 = s, 5*z - s - 5 = 2*s. Let q be (-266)/(-7)*(-9)/z. Let u(f) = f + 11. Let c be u(8). What is the greatest common divisor of q and c?
19
Let c = 67 + 143. Let m(x) = 31*x - 442. Let h be m(22). Calculate the highest common factor of h and c.
30
Suppose -3*k = -2*i + 673, -35*k + 32*k + 1301 = 4*i. What is the greatest common divisor of 28 and i?
7
Let s be (2073 - 15) + -10 - 7. What is the highest common factor of 13 and s?
13
Let f(d) = -2*d + 26. Let l = -38 + 24. Let t be f(l). Calculate the greatest common divisor of t and 90.
18
Let t(u) be the third derivative of -u**5/60 + 23*u**4/24 + 15*u**3/2 + 17*u**2. Let g be t(23). Calculate the greatest common divisor of 105 and g.
15
Suppose -2*j + 4*x + 8 = 0, 5*j + 96*x = 91*x + 5. Suppose 0 = 5*p - 31 + 6. Suppose p + 27 = j*s. Calculate the highest common factor of 112 and s.
16
Let h(a) = 4*a**3 - a**2 + 2*a - 2. Let k be h(2). Let i = -179 + 187. Suppose 6 = -i*t + 9*t. Calculate the highest common factor of t and k.
6
Suppose 0*v = v - 13. Let k = 47 - v. Let q = -26 + k. Calculate the highest common divisor of 88 and q.
8
Suppose -53*f = -50*f - 6. Let v be ((-3)/(12/8))/f. Let x be (-22)/(-2) + 3 + v. Calculate the highest common divisor of x and 91.
13
Let p = 14 + -14. Suppose 4*o = -16, -36 = -4*h - p*o + 5*o. Let t be h + (-4 - -8) + 10. Calculate the highest common factor of t and 2.
2
Let q = 1695 - 1596. Let p be (-3)/(-9)*2 - 208/(-12). Calculate the greatest common factor of q and p.
9
Suppose 30*q - 4272 - 1400 - 1948 = 0. Calculate the highest common divisor of q and 12065.
127
Let v = 535 - 784. Let l = -29 - v. What is the greatest common factor of l and 176?
44
Suppose 2*p = -3*t + 59, 0*p + 5*p = -2*t + 32. Suppose 4*r = q + 928, -2*q + 5*q = -5*r + 1143. What is the greatest common divisor of t and r?
21
Suppose 0 = 3*p + p - 56. Suppose -3*h + 10 = -c, 4*h + 0*c = 4*c. Suppose 6 = -n - 2*n, h*n = 3*v - 388. What is the greatest common divisor of v and p?
14
Let a(s) = 603*s**2 + 20*s - 26. Let r be a(-7). What is the highest common divisor of 11 and r?
11
Let b be ((-32)/(-12) - 1)*3. Let n(v) = 16*v. Let i be n(b). Let p = -1235 - -1245. What is the highest common divisor of i and p?
10
Let m be 6/(-2) + 4/(28/161). Suppose 4*g + 2*l = -m, -4*l - 6 = 2*g - 2. Let r be ((-132)/(-10))/(g + 128/20). Calculate the highest common divisor of r and 3.
3
Let l be (-2)/(-3) + (-33258)/207. Let y = -142 - l. Calculate the highest common factor of 126 and y.
18
Suppose -4*w = 8*s - 7*s - 193, 3*w = 2*s + 153. What is the greatest common factor of w and 399?
7
Let c be 6/(-8) - (-360)/(-32). Let h be (-6)/24 + (-99)/c. Suppose 6*v + 26 = h*v. Calculate the highest common divisor of 13 and v.
13
Let w(z) = -27*z - 51. Let k be w(-8). Let p = k - 145. Calculate the greatest common divisor of p and 12.
4
Let i be 1/(3/6 + 0). Suppose 7*c - 120 = i*c. Suppose -7*v + 12*v = 80. Calculate the highest common divisor of v and c.
8
Let r(c) = -11*c + 123 + 3*c + 6*c + 5*c. Let w be r(-30). Calculate the greatest common divisor of w and 176.
11
Suppose 0 = -103*y + 72*y + 682. Calculate the highest common factor of 682 and y.
22
Suppose -10*j = -9545 - 17925. Suppose j = 11*l - 13885. Calculate the greatest common factor of 42 and l.
42
Suppose 60*w = 194 + 1726. Let r be 12/8*(-10)/(-3). Suppose 2*m + 5*k = 103, 0*m = -4*m - r*k + 231. Calculate the highest common factor of w and m.
32
Let a = 5692 + -5576. What is the greatest common divisor of 20938 and a?
58
Let g = 217 - 190. Suppose -5*d + 51 = -5*a + 2*a, -g = -3*d + 3*a. Calculate the greatest common divisor of 6 and d.
6
Suppose -1022 = 172*a - 189*a + 1562. What is the highest common factor of a and 1292?
76
Suppose 64*x + 4*r = 65*x - 30751, 0 = 4*x + 2*r - 123076. What is the greatest common factor of x and 11?
11
Suppose -235*x + 96 = -229*x. Calculate the highest common divisor of 3312 and x.
16
Let m(t) = 1544*t - 47827. Let v be m(31). Let j be (-2662)/(-9) - 2/(-9). Calculate the highest common factor of v and j.
37
Suppose -39*g - 93 = -36*g. Let t(h) = -19*h - 36. Let d be t(g). What is the greatest common divisor of 7 and d?
7
Suppose o - 4*g = 188, -361 = -2*o - 422*g + 425*g. Calculate the greatest common divisor of o and 704.
176
Suppose 10*r + 44 = -0*r + 174. Suppose o - 21 - 5 = 0. Calculate the greatest common factor of r and o.
13
Let u(w) = w**3 - 3*w**2 + 18*w + 4. Let i be u(5). What is the highest common factor of 804 and i?
12
Suppose 64 = 25*m - 36. Suppose -5 = -5*q, -m*p - q = 2*q - 759. What is the greatest common factor of p and 54?
27
Suppose -2*c + 0*c + 430 = -2*l, -855 = -4*c + 3*l. Let a = 132 + -86. Let i = a + -25. What is the greatest common factor of c and i?
21
Let i = 28648 + -15146. What is the highest common divisor of i and 86?
86
Suppose 0 = 15*x - 16*x + p + 29, -5*p - 20 = 0. Let q(g) = g**3 + 7*g**2 - 9*g - 3. Let f be q(-8). What is the highest common factor of f and x?
5
Suppose 864 = -3*w + 7*w. Suppose -7*b - 118 = -w. Let u = 211 - 141. What is the greatest common divisor of u and b?
14
Suppose 6*w + 2 = 32, 5*x - 5*w - 85 = -7*w. Let i(r) = 48*r + 3. Let j be i(-2). Let p = 258 + j. What is the highest common factor of p and x?
15
Let n = -7067 + 7072. Let x(s) = 3*s**2 + 3*s + 5. Let y be x(5). Calculate the highest common divisor of n and y.
5
Let o = -9 - -17. Let m be (46/5)/(o/20). Suppose -3*w + 2*r + 3*r = -74, 3*w = -3*r + 66. Calculate the greatest common divisor of w and m.
23
Let o be (-226)/(-3277) - (-137340)/58. What is the greatest common divisor of o and 64?
64
Let z(t) = t - 6. Let c = 61 + -53. Let b be z(c). Suppose 0 = 3*n - 2*j - 140, b*n + 5*j - 120 = j. Calculate the highest common divisor of 25 and n.
25
Suppose 5 - 3389 = -47*v. What is the greatest common factor of 4536 and v?
72
Let z = 17744 - 10716. Calculate the greatest common divisor of 28 and z.
28
Suppose -8*p = 97*p - 525. Calculate the highest common divisor of 4970 and p.
5
Let x = -73 + 169. Let i(w) = w**2 + 8*w + 4. Let r be i(-8). Suppose -q - 25 = 4*q, v - 44 = r*q. Calculate the greatest common divisor of v and x.
24
Let h be (3/9*-6)/((-6)/15). Suppose -h*s = -4*s - 27. Suppose a - 14 = -a + 4*i, 3*a - 3*i = 15. Calculate the highest common divisor of a and s.
3
Let l be (-5516)/(-7) - (-8)/1*3/6. Calculate the highest common factor of 99 and l.
99
Let v = 643 + 735. What is the greatest common divisor of 1696 and v?
106
Let w be (2/4)/(7 + 16236/(-2320)). Let d be (-3)/1*116/(-3). Calculate the highest common divisor of w and d.
58
Let j(l) = l**2 + 8*l + 6. Let b be j(-7). Let m be -2 + (b - -2) - -81. Suppose 67*n = 1329 - 659. What is the highest common factor of n and m?
10
Let j = 64647 + -33962. What is the highest common factor of 85 and j?
85
Suppose -67*v = -17950 + 4615 - 9512. Calculate the greatest common factor of 372 and v.
31
Suppose 0 = 6*g - 20 + 20. Suppose g = 16*d - 6 - 10. Let n(r) = -r**2 - 9*r - 9. Let i be n(-3). What is the highest common factor of i and d?
1
Let s(f) = 10*f**2 - 4. Suppose -z - 3 = 3*l + 3, 5*z = -5*l. Let x be (-1)/(z*(-4)/24). Let w be s(x). Calculate the highest common divisor of 180 and w.
36
Suppose -178*b + 3*g + 2133 = -174*b, -4*b - 4*g + 2140 = 0. Calculate the greatest common factor of b and 42.
6
Suppose -243 = -11*a + 406. Suppose -6*r + 1 + a = 0. Suppose -4*j = -2*l - 6, -3*j + 5 = 3*l - 4. Calculate the greatest common divisor of r and j.
2
Suppose -15*c + 11*c = -4*s + 23416, -s = -4*c - 5860. What is the greatest common divisor of s and 28?
28
Suppose -17*z + 770 = -14*z + 5*r, z = -4*r 